{"id":143,"date":"2016-12-27T11:08:14","date_gmt":"2016-12-27T10:08:14","guid":{"rendered":"http:\/\/fildetrame.com\/?page_id=143"},"modified":"2020-02-05T20:06:45","modified_gmt":"2020-02-05T19:06:45","slug":"a-propos","status":"publish","type":"page","link":"https:\/\/fildetrame.com\/?page_id=143","title":{"rendered":"\u00c0 propos"},"content":{"rendered":"<div id=\"dslc-theme-content\"><div id=\"dslc-theme-content-inner\"><h6><span style=\"color: #000000; font-family: Arial, Helvetica, sans-serif; font-size: 12pt;\">Journaliste, j&rsquo;ai travaill\u00e9 en presse \u00e9crite, radio, t\u00e9l\u00e9 et web. Mon int\u00e9r\u00eat pour les organisations et leur fa\u00e7on de communiquer m&rsquo;a naturellement pouss\u00e9e vers le conseil et l&rsquo;accompagnement.<\/span><\/h6>\n<h6><span style=\"color: #000000; font-family: Arial, Helvetica, sans-serif; font-size: 12pt;\">Franco-Canadienne, j&rsquo;ai v\u00e9cu des deux c\u00f4t\u00e9s de l&rsquo;Atlantique et exp\u00e9riment\u00e9 diff\u00e9rentes mani\u00e8res de travailler avant de poser mes valises dans l&rsquo;Ouest de la France en 2016.<\/span><\/h6>\n<h6><span style=\"color: #000000; font-family: Arial, Helvetica, sans-serif; font-size: 12pt;\"><img loading=\"lazy\" decoding=\"async\" class=\"alignright wp-image-356 size-medium\" src=\"http:\/\/fildetrame.com\/wp-content\/uploads\/2019\/05\/Vcr-198x300.jpg\" alt=\"\" width=\"198\" height=\"300\" srcset=\"https:\/\/fildetrame.com\/wp-content\/uploads\/2019\/05\/Vcr-198x300.jpg 198w, https:\/\/fildetrame.com\/wp-content\/uploads\/2019\/05\/Vcr-768x1164.jpg 768w, https:\/\/fildetrame.com\/wp-content\/uploads\/2019\/05\/Vcr-676x1024.jpg 676w, https:\/\/fildetrame.com\/wp-content\/uploads\/2019\/05\/Vcr-680x1031.jpg 680w, https:\/\/fildetrame.com\/wp-content\/uploads\/2019\/05\/Vcr-540x818.jpg 540w, https:\/\/fildetrame.com\/wp-content\/uploads\/2019\/05\/Vcr.jpg 991w\" sizes=\"auto, (max-width: 198px) 100vw, 198px\" \/><\/span><\/h6>\n<h6><span style=\"color: #000000; font-family: Arial, Helvetica, sans-serif; font-size: 12pt;\">Aider les organisations \u00e0 mieux transmettre l&rsquo;information et la connaissance. Fa<\/span><span style=\"color: #000000; font-family: Arial, Helvetica, sans-serif; font-size: 12pt;\">ciliter le dialogue et les \u00e9changes en p\u00e9riode de changement. C&rsquo;est tout cela qui m&rsquo;anime aujourd&rsquo;hui.<\/span><\/h6>\n<h6><span style=\"color: #000000; font-family: Arial, Helvetica, sans-serif; font-size: 12pt;\">Dans ma bo\u00eete \u00e0 outils ? L&rsquo;\u00e9coute active, la curiosit\u00e9 et un esprit de synth\u00e8se, alli\u00e9 \u00e0 de fortes qualit\u00e9s r\u00e9dactionnelles. Je sais prendre de la hauteur et mettre en perspective pour d\u00e9m\u00ealer les situations et prioriser les actions.<\/span><span style=\"color: #000000; font-family: Arial, Helvetica, sans-serif; font-size: 12pt;\"><br \/>\n<\/span><\/h6>\n<\/div><\/div>","protected":false},"excerpt":{"rendered":"<p>Journaliste, j&rsquo;ai travaill\u00e9 en presse \u00e9crite, radio, t\u00e9l\u00e9 et web. Mon int\u00e9r\u00eat pour les organisations et leur fa\u00e7on de communiquer m&rsquo;a naturellement pouss\u00e9e vers le conseil et l&rsquo;accompagnement. Franco-Canadienne, j&rsquo;ai <a class=\"read-more\" href=\"https:\/\/fildetrame.com\/?page_id=143\">Lire la suite<\/a><\/p>\n","protected":false},"author":1,"featured_media":0,"parent":0,"menu_order":0,"comment_status":"closed","ping_status":"closed","template":"","meta":{"footnotes":""},"class_list":["post-143","page","type-page","status-publish","hentry","clearfix"],"_links":{"self":[{"href":"https:\/\/fildetrame.com\/index.php?rest_route=\/wp\/v2\/pages\/143","targetHints":{"allow":["GET"]}}],"collection":[{"href":"https:\/\/fildetrame.com\/index.php?rest_route=\/wp\/v2\/pages"}],"about":[{"href":"https:\/\/fildetrame.com\/index.php?rest_route=\/wp\/v2\/types\/page"}],"author":[{"embeddable":true,"href":"https:\/\/fildetrame.com\/index.php?rest_route=\/wp\/v2\/users\/1"}],"replies":[{"embeddable":true,"href":"https:\/\/fildetrame.com\/index.php?rest_route=%2Fwp%2Fv2%2Fcomments&post=143"}],"version-history":[{"count":12,"href":"https:\/\/fildetrame.com\/index.php?rest_route=\/wp\/v2\/pages\/143\/revisions"}],"predecessor-version":[{"id":473,"href":"https:\/\/fildetrame.com\/index.php?rest_route=\/wp\/v2\/pages\/143\/revisions\/473"}],"wp:attachment":[{"href":"https:\/\/fildetrame.com\/index.php?rest_route=%2Fwp%2Fv2%2Fmedia&parent=143"}],"curies":[{"name":"wp","href":"https:\/\/api.w.org\/{rel}","templated":true}]}}